Suppose c = 4*a - 24885, -a + 6228 = -17*c + 19*c. What are the prime factors of a?
2, 3, 17, 61
Let r(y) = -37*y + 112. List the prime factors of r(-33).
31, 43
Let b(s) = 618*s + 15. List the prime factors of b(2).
3, 139
Suppose 4*l - 11 - 1 = 0. What are the prime factors of 3 - (-249)/l - (-21)/7?
89
Let n be 2*(9/2)/(-9). Let k be (n/(-1))/((-2)/2). What are the prime factors of ((-63)/28)/(k/28)?
3, 7
Let z(g) = -g**2 + 12*g + 13. Let w(a) = -a + 1. Let r(m) = 6*w(m) + z(m). Let s be r(8). Suppose -s*d = 55 - 271. What are the prime factors of d?
2, 3
Let x(a) = -18*a - 15. Let h be x(-6). Let j = -37 + h. List the prime factors of j.
2, 7
Suppose -3*v + 6 = -2*v. Let s(g) = g**2 - 46*g + 255. Let y be s(9). List the prime factors of v/15 + y/(-5).
2
Let j(g) = g + 9. Let o be j(5). Let y = o + -8. What are the prime factors of 2/(y/21)*1?
7
Suppose -3*n + 32 = -n. Suppose -4*j - n = 3*b + b, 3*b + 9 = -2*j. Let a(f) = -8*f**3 + f**2 - f - 1. List the prime factors of a(b).
3
Let q(f) = 27*f - 84. What are the prime factors of q(19)?
3, 11, 13
Let r(f) = 90*f - 11. Let k be r(0). Let y(h) be the second derivative of -h**3/2 + 4*h**2 - h. List the prime factors of y(k).
41
Suppose -k - 403 = -4*m, k = -3*m + 325 - 28. Suppose 0 = 3*o - 3*v - 330, -2*o + 3*o - m = -4*v. What are the prime factors of o?
2, 3
Suppose 1589*l - 1584*l = 11255. List the prime factors of l.
2251
Suppose 129 + 181 = 5*q - 5*j, -4*j = 2*q - 94. Let a = 112 - q. List the prime factors of a.
5, 11
Let b(h) = h**2 - 2*h - 5. Suppose 0*f - 2*c + 14 = 2*f, 2*f - c - 17 = 0. Let y be b(f). Let p = y + -17. What are the prime factors of p?
2, 13
Suppose -4 = -4*j, -k + 1 - 2 = -5*j. Suppose -101 = -k*m + 75. Let h = m - 12. List the prime factors of h.
2
Suppose 3*n = -2*g + 1436, g - 329 - 389 = 2*n. What are the prime factors of g?
2, 359
Let b(j) = j**3 - 6*j**2 - 26*j - 2. What are the prime factors of b(11)?
317
Suppose -11*g = 3*f - 8*g - 1566, -g - 2622 = -5*f. Suppose -5*n - 3*m + 653 = 0, -4*m = 3*n + n - f. List the prime factors of n.
2, 5, 13
Suppose 5*x - 75 = -5*j + 145, 0 = x - 4*j - 19. Suppose 4 = r - x. Suppose 0 = 3*h - 115 + r. List the prime factors of h.
2, 3
Suppose 3*x - 3492 = -3*d, 3*x + 5814 = 5*d + 6*x. What are the prime factors of d?
3, 43
Let l(z) = -75*z - 6. Let x be l(-1). Suppose 3*i = 55 - 175. Let n = x + i. List the prime factors of n.
29
Suppose 11*d = 10*d + 140. Let x = 279 - d. List the prime factors of x.
139
Suppose -n = n + i - 8, 0 = -i + 4. Let q(x) = -x**2 + 15*x + 16. Let w be q(16). What are the prime factors of 1 + (w - -4) - n?
3
Let p(f) = f**2 - 8*f + 20. Let b be p(6). Suppose b*u = 3*u + 375. Let r = u - 25. List the prime factors of r.
2, 5
Let y be (4 - 7)*(-1)/1. Suppose 4*z + 29 - y = l, -5*l + 162 = -4*z. What are the prime factors of l?
2, 17
Let b = -1 - -3. Let h(j) = 20 - 20 + 17*j**b. List the prime factors of h(1).
17
Let q be (66/8)/((-2)/8). Let p be (1 + (-11)/4)/((-2)/64). Let d = p + q. What are the prime factors of d?
23
Let y = -95 + 268. Let w = y + -63. List the prime factors of w.
2, 5, 11
Let a(b) = -5*b - 11. Let u(m) = 1. Let x(f) = -a(f) + 3*u(f). What are the prime factors of x(12)?
2, 37
List the prime factors of (-58064)/532*(-7)/2.
2, 191
Let w = -36 - -19. Suppose 227 = -24*r + 1427. Let v = r - w. What are the prime factors of v?
67
Suppose 2*w - 2*r + 374 = -3*r, 0 = -5*w - 2*r - 937. Let d be (14/(-6))/(3/w). Let s = d - 101. List the prime factors of s.
2, 23
Suppose 4461 = 2*m - j, 2*m - 4263 - 173 = -4*j. What are the prime factors of m?
2, 557
Suppose 2*d - 3846 = 3*x, 10*x = -d + 9*x + 1913. What are the prime factors of d?
3, 71
Suppose -5*i = -0*a + 4*a - 8, 0 = -a + 5*i + 2. Suppose 4*s = -p + 716 + 24, -5*s - a*p = -922. What are the prime factors of s?
2, 3, 31
Let r(z) be the second derivative of z**4/6 + z**3/2 + z**2/2 + 2*z. Let d be r(-1). Let v = 25 + d. What are the prime factors of v?
5
Let l(h) = 3*h**3 - 8*h**2 - 24*h + 108. List the prime factors of l(10).
2, 11, 47
Let w = 55 - 64. List the prime factors of ((-82)/(-6))/((-1)/w).
3, 41
Let c be (-6 - 530/(-15))*63/2. Suppose -3*q = 4*q - c. What are the prime factors of q?
2, 3, 11
Let k(f) = 19*f**2 + 38*f**2 + 4 + 7*f - 10*f. List the prime factors of k(1).
2, 29
Suppose 4*u - 2*h = -0*h - 30, -5 = u - h. Let z = 104 - 67. Let a = z + u. What are the prime factors of a?
3
Let g(z) = -5*z**2 - z + 4. Let t be g(-2). Let s = 47 - t. List the prime factors of s.
61
Suppose f + 2*f + 2*n - 3457 = 0, -4*n = -8. What are the prime factors of f?
1151
Suppose -7*z - 238 = -14*z. Let o = z - -44. List the prime factors of o.
2, 3, 13
Let m = 397 - -470. What are the prime factors of m?
3, 17
Let s = 12 + -9. Suppose 0 = -4*d - r + 228, -3*d + 186 = -0*d - s*r. List the prime factors of d.
2, 29
Let r(i) = -23*i - 2. Let x be r(2). Let v = x - -68. What are the prime factors of v?
2, 5
What are the prime factors of -1*71*-9 - (-67 + 62)?
2, 7, 23
Suppose 0 = -3*j + 5*j - 1128. List the prime factors of j.
2, 3, 47
Let f(h) = h**3 + 8*h - 21. Suppose -10 = -6*k + 14. What are the prime factors of f(k)?
3, 5
Let h = -1585 + 2339. What are the prime factors of h?
2, 13, 29
Suppose s - 2156 = -3*s. List the prime factors of s.
7, 11
Suppose 5*c + 4*n - 3*n = 33, -2*c + n + 9 = 0. Let s be (-16)/c*(-12)/8. Suppose k - 3 = s. List the prime factors of k.
7
Let u(i) = -20*i + 2. Suppose 3*d = 4*y - 4, -3*y + 0*y + 3 = -2*d. Let l be u(y). Let r = l + 25. What are the prime factors of r?
7
Suppose 3*u - 3*h - 11 = 1, -3*h - 6 = 0. Suppose -4*n + 30 = 2*z, 10 = 5*n - u*z - z. Suppose -n*l + l = -140. What are the prime factors of l?
5, 7
List the prime factors of (-7 - -8)/(-3 + (-18300)/(-6099)).
19, 107
Let q(j) = -3*j + 6. Let o be (-2)/11 - 171/(-33). Suppose -c - 3*z = 15, -o*c + z - 7 = -z. List the prime factors of q(c).
3, 5
What are the prime factors of -44*((-8)/(-20))/((-32)/220)?
11
Let s(m) = 2*m**3 + 10*m**2 + 9*m - 162. What are the prime factors of s(11)?
13, 293
Let c = 205 - -2910. What are the prime factors of c?
5, 7, 89
Let u(g) = -g**2 + 6*g - 8. Let o(q) = q**2 - 6*q + 9. Let c(t) = 4*o(t) + 5*u(t). Let y be c(6). Let a = 9 + y. What are the prime factors of a?
5
Suppose 3*u = -31*t + 29*t + 6452, -u - 2*t + 2144 = 0. What are the prime factors of u?
2, 3, 359
Let v(s) be the first derivative of -s**3/3 - s**2/2 + 4*s + 2. What are the prime factors of v(0)?
2
Let i(k) be the second derivative of -k**6/240 + 13*k**5/120 + k**4/12 + 6*k. Let p(o) be the third derivative of i(o). List the prime factors of p(-9).
2, 5
Let r = 49 + -47. What are the prime factors of (r - 1464/(-10)) + 6/10?
149
Suppose -13*b = -2*b - 4070. List the prime factors of b.
2, 5, 37
Suppose 6 - 4 = -k. Let q be -3 + k/4*-12. Suppose 0 = 4*p - 3*u + u - 46, -32 = -q*p - u. List the prime factors of p.
11
Suppose -2*r - 46 - 8 = 0. Let x be (-2)/20*2 + (-1524)/30. Let s = r - x. List the prime factors of s.
2, 3
Let j(c) be the third derivative of c**5/4 - c**3/3 - c**2. Let t be (2*(-1)/(-5))/((-4)/(-20)). List the prime factors of j(t).
2, 29
Let b(y) be the second derivative of y**5/20 - 5*y**4/6 + y**3 + 7*y**2/2 + 10*y. List the prime factors of b(10).
67
Let q(p) = 5*p - 6. Let m(u) = -u - 7 + 6*u + u + 0*u. Let k(i) = 6*m(i) - 7*q(i). What are the prime factors of k(2)?
2
Suppose -2*d - 5*u = -6 - 9, 3 = u. Suppose -2*p + 2*o + 35 = -107, d = 5*p + o - 349. List the prime factors of p.
2, 5, 7
What are the prime factors of -5*(-8)/180 - (-18302)/18?
3, 113
Let u(o) = 23*o**2 + 41*o + 430. List the prime factors of u(-11).
2, 1381
Let g = -44 - -49. Suppose 490 = 5*w + g*x, 3*x - 193 = -2*w - 2*x. List the prime factors of w.
3, 11
Suppose 4 = 3*m - 2. Let w be ((-16)/(-3 + 2))/m. Suppose -3*f = -5*f + w. What are the prime factors of f?
2
Suppose 0 = 40*n - 36*n - 5980. Suppose 12*r = 1361 + n. List the prime factors of r.
2, 7, 17
What are the prime factors of (-1812)/(-9)*42/7?
2, 151
Suppose -5*k = 3*t - 13 - 20, -3*k = 5*t - 7. Suppose 14*y - 260 = k*y. List the prime factors of y.
2, 13
Let a(v) be the first derivative of 7*v**2/2 + 8*v + 6. List the prime factors of a(3).
29
Suppose 2*c = 4*v - 22, -4*c - 5*v = -2*c